151*b + 344. What is h(12)?
-4
Let m(u) = -u**3 + u**2 - 32*u - 57. What is m(0)?
-57
Let g(y) = 473*y + 6572. Calculate g(-14).
-50
Let w(n) = 5*n**2 + 361*n + 2890. What is w(-63)?
-8
Let g(u) = -u**2 - 15*u + 23. Calculate g(-16).
7
Let f(m) = -56*m - 246. What is f(-7)?
146
Let g(b) = -577*b + 5200. What is g(9)?
7
Let w(h) = 14*h**2 + 795*h - 6. Determine w(-56).
-622
Let p(x) = -87*x + 411. Determine p(5).
-24
Let p(j) = j**3 - 12*j**2 + 31*j + 37. Determine p(8).
29
Let r(g) = 33*g - 424. Give r(13).
5
Let j(w) = -w**3 + 22*w**2 - 36*w + 45. What is j(20)?
125
Let d(y) = 8564*y - 34252. Calculate d(4).
4
Let x(v) = v**3 + 248*v**2 - 1288*v - 5827. Calculate x(-253).
-8
Let m(b) = 4*b**2 + 85*b + 342. Give m(-6).
-24
Let x(g) = -4*g**2 - g + 140. Give x(9).
-193
Let n(x) = x**2 + 36*x - 454. Give n(-46).
6
Let w(j) = 3*j**2 - 796*j - 795. Determine w(-1).
4
Let o(u) = 6*u**3 + 78*u**2 + 32*u - 478. Calculate o(-12).
2
Let q(v) = -5*v**2 - 113*v + 54. What is q(-23)?
8
Let r(s) = -12*s - 53. Give r(11).
-185
Let i(w) = w - 68. What is i(-19)?
-87
Let a(p) = p**3 + 26*p**2 + 44*p - 12. Determine a(-24).
84
Let j(k) = 46*k - 66. Give j(7).
256
Let s(w) = -9*w**3 - 79*w**2 + 16*w - 12. What is s(-9)?
6
Let x(m) = 177*m + 14514. Determine x(-82).
0
Let p(o) = -12*o + 1159. Determine p(23).
883
Let p(y) = -10*y**3 + 113*y**2 - 42*y + 22. What is p(11)?
-77
Let z(p) = 144*p**3 - 7*p**2 - 5*p + 1. Determine z(-1).
-145
Let a(u) = -10*u**2 - 7*u - 93. Give a(0).
-93
Let b(f) = f**3 + 15*f**2 + 59*f + 11. Calculate b(-6).
-19
Let z(n) = 4*n**3 + 49*n**2 + 15*n + 31. Calculate z(-12).
-5
Let i(o) = o**3 + 3*o**2 + 17*o + 12. Calculate i(0).
12
Let x(w) = -w**3 + 15*w**2 + 3*w - 61. What is x(15)?
-16
Let q(u) = 21*u + 1286. What is q(-60)?
26
Let n(w) = 119*w + 827. Give n(-7).
-6
Let a(l) = l**3 - 49*l**2 + 91*l - 47. What is a(47)?
-188
Let r(m) = -m**2 - 32*m + 90. Calculate r(-36).
-54
Let b(x) = -2*x**3 + 42*x**2 - 12*x - 176. What is b(20)?
384
Let q(t) = 268*t + 813. What is q(-3)?
9
Let w(c) = -c**3 + 18*c**2 - 84*c + 69. What is w(11)?
-8
Let c(m) = -136*m - 1458. Calculate c(-11).
38
Let h(g) = -811*g + 2418. Calculate h(3).
-15
Let q(h) = h**2 + 17*h - 527. What is q(16)?
1
Let p(t) = -75*t - 314. Calculate p(-4).
-14
Let r(x) = x**3 + 14*x**2 + 33*x - 10. Determine r(-12).
-118
Let g(h) = 344*h + 5843. What is g(-17)?
-5
Let f(g) = -14*g + 104. Calculate f(12).
-64
Let y(j) = -52*j + 8044. What is y(155)?
-16
Let i(r) = 56*r + 843. Determine i(-15).
3
Let d(m) = -2*m**2 - 34*m - 185. What is d(-11)?
-53
Let d(r) = -r**2 - 18*r - 5. What is d(-6)?
67
Let l(a) = -835*a - 4889. What is l(-6)?
121
Let s(n) = -n**3 - 57*n**2 - 722*n - 11. Determine s(-38).
-11
Let q(y) = -y**2 + 407*y + 10329. What is q(-24)?
-15
Let q(s) = 22*s + 434. What is q(-7)?
280
Let z(o) = -12*o - 199. Give z(-19).
29
Let w(b) = 2*b**3 - 6*b**2 - 9*b + 23. What is w(6)?
185
Let o(m) = -m**3 + 27*m**2 - 56*m + 60. What is o(25)?
-90
Let m(f) = -f**3 - 10*f**2 - 138*f - 2307. What is m(-13)?
-6
Let y(a) = a**2 + 33*a + 237. What is y(-10)?
7
Let h(g) = 5*g - 236. What is h(-5)?
-261
Let w(t) = 49*t**2 - 879*t - 40. Determine w(18).
14
Let t(d) = -d**3 - 36*d**2 + 408*d + 3. Calculate t(9).
30
Let a(s) = 258*s + 6668. Calculate a(-26).
-40
Let d(q) = -21*q**3 - 17*q**2 + 39*q - 3. What is d(3)?
-606
Let c(q) = 9172*q + 275159. Determine c(-30).
-1
Let i(a) = -164*a - 1142. What is i(-7)?
6
Let x(o) = -418*o + 2108. Give x(5).
18
Let v(u) = u**2 - 37*u - 191. Calculate v(32).
-351
Let a(h) = h**3 + 13*h**2 - 7*h - 223. Give a(-12).
5
Let z(o) = o**2 + 60*o + 722. Calculate z(-43).
-9
Let g(m) = -292*m + 18622. Calculate g(64).
-66
Let r(g) = -g**3 - 4*g**2 - 13*g - 49. Determine r(-4).
3
Let j(w) = -w**2 + 11*w - 56. Determine j(11).
-56
Let r(t) = 2*t**3 + 19*t**2 + 82*t + 230. What is r(-6)?
-10
Let o(a) = -16*a - 163. What is o(-21)?
173
Let x(h) = -h**2 - 238*h - 8. Calculate x(0).
-8
Let w(u) = -2*u**2 - 2416*u + 17000. Calculate w(7).
-10
Let q(s) = -s**3 - 9*s**2 + 21*s + 122. Give q(-10).
12
Let z(l) = l**3 + 70*l**2 + 64*l - 114. What is z(-69)?
231
Let r(u) = 1067*u + 2493. Determine r(-2).
359
Let y(h) = -17*h**2 - 146*h - 290. What is y(-2)?
-66
Let n(t) = -3*t**2 + 32*t + 81. Give n(16).
-175
Let j(g) = g**3 - 23*g**2 + 26*g - 116. What is j(22)?
-28
Let h(c) = 158*c - 8550. Give h(54).
-18
Let u(k) = -2*k**2 - 8*k - 29. Give u(-5).
-39
Let a(l) = -2*l**2 - 58*l - 297. Give a(-12).
111
Let v(c) = -89*c + 448. Determine v(-3).
715
Let d(a) = 4*a**3 - 2*a**2 + a. What is d(-1)?
-7
Let g(f) = -105*f + 512. Determine g(5).
-13
Let a(x) = -2*x**2 - 5*x + 461. Determine a(-19).
-166
Let w(i) = -39*i**2 - 352*i - 11. Calculate w(-9).
-2
Let p(o) = -5*o**3 + 5*o**2 - 13*o + 29. What is p(4)?
-263
Let o(v) = 24*v**2 + 400*v - 140. Give o(-17).
-4
Let h(z) = 30*z**2 + 406*z - 179. Determine h(-14).
17
Let p(c) = -6*c**3 - 4*c**2 + 5*c - 1. Calculate p(2).
-55
Let j(f) = f**3 - 10*f**2 + 24*f + 58. Calculate j(9).
193
Let r(g) = 3*g**2 - 40*g + 7. Determine r(13).
-6
Let w(l) = 14*l + 1507. Determine w(-108).
-5
Let i(x) = 18*x**2 - 193*x - 170. Determine i(12).
106
Let i(w) = 3*w**3 + 36*w**2 - 5*w - 78. What is i(-12)?
-18
Let t(d) = d**2 - 24*d - 167. Give t(-6).
13
Let x(s) = s**3 + 71*s**2 + 76*s + 413. Determine x(-70).
-7
Let i(h) = -2*h**2 + 18*h - 76. Determine i(11).
-120
Let x(t) = -5*t**3 + 395*t**2 - 5*t + 341. What is x(79)?
-54
Let t(p) = 642*p + 10271. Give t(-16).
-1
Let p(o) = -76*o**2 - 5*o. Calculate p(-1).
-71
Let q(h) = 4*h**3 + 78*h**2 + 60*h + 511. Calculate q(-19).
93
Let y(m) = 9*m**2 - 2*m - 38. Give y(-4).
114
Let y(r) = r**3 + 71*r**2 - 4*r - 279. Calculate y(-71).
5
Let t(n) = -25*n + 94. Determine t(4).
-6
Let n(f) = -3*f + 23. What is n(-17)?
74
Let o(g) = -g**3 + 20*g**2 + 35*g - 123. What is o(21)?
171
Let l(c) = 2*c**2 + 75*c + 32. Give l(-37).
-5
Let k(l) = -2*l**3 - 30*l**2 + 4*l + 57. Give k(-15).
-3
Let c(z) = -545*z + 18041. Determine c(33).
56
Let y(j) = 32*j**2 + 670*j + 1175. Calculate y(-19).
-3
Let y(d) = 2*d**2 - 15*d + 10. Determine y(12).
118
Let p(o) = 2638*o - 79145. Determine p(30).
-5
Let i(x) = -x**2 - 8666*x + 86745. Give i(10).
-15
Let q(v) = 22*v**2 + 32*v - 120. Give q(4).
360
Let s(g) = 2*g**3 - 16*g**2 + 5*g + 24. What is s(6)?
-90
Let i(u) = u**3 - 21*u**2 + 113*u - 2. Determine i(10).
28
Let c(u) = -15*u**2 + 146*u - 64. What is c(9)?
35
Let p(v) = -3*v**3 - 3*v**2 - 5*v - 7. Calculate p(-2).
15
Let l(c) = 7*c**3 + 53*c**2 + 14*c + 45. Calculate l(-6).
357
Let y(v) = v**2 + 53*v - 143. Give y(-55).
-33
Let q(o) = -9*o**2 - 44*o - 17. Calculate q(-5).
-22
Let y(s) = -23*s + 1025. Calculate y(45).
-10
Let q(i) = -i**3 - 17*i**2 - 217*i - 3211. Calculate q(-16).
5
Let b(d) = 9*d**2 + 11*d + 7. Determine b(-5).
177
Let y(r) = -8*r + 16. What is y(-3)?
40
Let r(j) = -2*j**3 + 57*j**2 - 7*j - 550. Give r(28).
38
Let p(q) = -q**2 + 17*q - 89. Determine p(19).
-127
Let s(n) = -21*n + 415. Calculate s(19).
16
Let i(j) = -j + 210. Calculate i(-34).
244
Let g(k) = 4*k**3 + 71*k**2 - 15*k - 72. What is g(-18)?
-126
Let v(u) = -28*u - 1478. Calculate v(-61).
230
Let n(i) = -9*i - 706. Give n(-58).
-184
Let t(q) = 12*q + 337. Determine t(-24).
49
Let a(k) = -818*k - 21271. Give a(-26).
-3
Let t(s) = -266*s - 924. Calculate t(-6).
672
Let b(o) = 10*o**2 - 84*o - 91. What is b(9)?
-37
Let b(j) = -j**2 - 85*j - 14. Calculate b(0).
-14
Let p(s) = -s**3 + 115*s**2 - 215*s - 1218. Calculate p(113).
25
Let c(t) = 24*t**2 + 134*t - 46. Calculate c(-6).
14
Let n(c) = -c**2 - 11*c - 9. Give n(-6).
21
Let u(m) = 2791*m - 13946. Determine u(5).
9
Let g(j) = -j**2 + 135*j + 1236. What is g(-9)?
-60
Let m(c) = -19*c**2 + 4*c + 7. Give m(1).
-8
Let w(i) = 3*i**2 - 109*i + 883. Determine w(12).
7
Let l(h) = h**3 - 56*h**2 - 820*h + 286. Give l(68).
14
Let o(z) = -z**3 - 9*z**2 - 55*z - 141. What is o(-4)?
-1
Let n(t) = 147*t - 11. Give n(-3).
-452
Let d(q) = -2*q**2 - 50*q - 172. Give d(-27).
-280
Let l(y) = -y**2 - 44*y + 618. What is l(-53)?
141
Let w(z) = z**2 - 118*z - 1966. What is w(-14)?
-118
Let b(m) = 8*m + 389. Determine b(-42).
53
Let u(l) = -l**3 + 44*l**2 - 72*l + 1260. Give u(43).
13
Let x(n) = n**3 - 7*n**2 - 24*n - 1